(0). Calculate the greatest common factor of z and u.
15
Suppose 2*m = 3*f + f - 88, 0 = -5*f - 2*m + 110. Calculate the greatest common divisor of 242 and f.
22
Suppose 6*n = 3*n - 3*o + 24, -2*o = 4. Let m be (5/n)/((-2)/(-180)). Calculate the greatest common factor of 5 and m.
5
Suppose 77 = -5*q + 27. Let v be (-21)/(-5) + q/50. What is the highest common factor of 6 and v?
2
Suppose -3*y + 30 = 5*s, 2*s = -4*y - y - 7. Let x = 297 - 81. Suppose -2*a - x = -5*a. Calculate the greatest common divisor of s and a.
9
Let c be 398/14 + (-30)/70. Suppose -4*p - 74 = -2*d + d, 5*d = -2*p + 348. Calculate the greatest common factor of d and c.
14
Let c = -5 - -5. Suppose 4*g = 20 - c. Let t be 36/14*(g + 2). What is the highest common factor of 12 and t?
6
Let g(j) = 29*j - 132. Let q be g(8). Let x(v) = v**2 + 4*v + 8. Let f be x(-6). Calculate the highest common factor of q and f.
20
Let h(d) = d**2 - 23*d - 44. Let u be h(25). What is the greatest common factor of 6 and u?
6
Let j = -11 - -35. Let f = -32 + 53. Let y be 70/f*48/10. Calculate the highest common factor of j and y.
8
Let q(t) = -8*t + 8. Suppose 16 = -4*s - 16. Let w be q(s). Calculate the greatest common factor of 9 and w.
9
Let b = 50 + -35. Calculate the greatest common divisor of b and 165.
15
Let v = 5 - -13. Let g be v + (-4)/(-1 + -1). Let i be 30/(-20)*(-80)/6. Calculate the greatest common divisor of g and i.
20
Suppose -4*k + 8 = 4, d + 2*k - 1 = 0. Let s = d + 5. Suppose 0 = -5*c + s*p + 68, -2*c + 3*c - 4 = -4*p. What is the highest common factor of 60 and c?
12
Let c(d) = -d**3 + 12*d**2 + 4*d - 28. Let u be c(12). What is the greatest common divisor of u and 30?
10
Suppose 0 = -10*f + 12*f - 12. Let y = 18 + -6. Calculate the greatest common factor of y and f.
6
Let n be (0 - 1)*-2 - 65. Let w be ((-10)/6)/(7/n). What is the greatest common divisor of w and 10?
5
Suppose -4*h + 124 = -2*v, 0*h + 3*h - 111 = -3*v. Calculate the greatest common divisor of 33 and h.
33
Suppose 3*o + o - 117 = -5*r, 139 = 5*o - r. What is the highest common divisor of o and 196?
28
Let i = 9 + 1. Suppose -264 = i*y - 11*y. What is the highest common factor of y and 24?
24
Let n(o) = -2*o - 2. Let s be n(-9). What is the greatest common divisor of 64 and s?
16
Let j be -3*(-2)/27 - (-2156)/99. Calculate the greatest common factor of j and 2.
2
Suppose -c + 7 = -5*m, -c + 4*m - 3*m + 11 = 0. What is the greatest common divisor of c and 18?
6
Suppose -b - 3*n = -4*b + 9, 27 = 4*b + n. Suppose b*l - 2 = 5*l. Let f be 3 + 1 - (5 + -6). Calculate the greatest common divisor of l and f.
1
Let v(j) = 3*j - 3. Let b be v(2). Suppose 4*u - 18 = b*u. What is the highest common divisor of u and 18?
18
Let g(w) be the second derivative of w - 1/2*w**3 + 7/12*w**4 - 5*w**2 + 0 + 1/20*w**5. Let s be g(-7). Calculate the greatest common factor of 77 and s.
11
Suppose -3*l + 6 + 0 = 0. What is the greatest common divisor of l and 14?
2
Suppose -3*w + w = 0. Let c be (w + -216)*10/(-15). What is the greatest common factor of 16 and c?
16
Let h be (234/1)/1 - 2. Suppose -i = -1681 + h. Let u be 1/(-2) - i/(-18). Calculate the highest common factor of u and 32.
16
Let u be -4 + 6 - -3 - -13. Suppose 3*p + m - 33 = 0, -3*m - 15 = -2*p + 18. Calculate the highest common factor of u and p.
6
Suppose -b = 5*u - 21, 0*b - 3*b + 27 = 3*u. Let i be -1 + 54 + (-2)/2. Let f = 76 - i. Calculate the greatest common factor of f and b.
6
Let p(m) = m**2 + 12*m - 4. Let o be p(-13). Let c be (8 - -1)*(2 + -1). Calculate the highest common factor of o and c.
9
Let z(a) = -a**2 - 7*a. Let d be z(-6). Suppose 4*l - 20 = -4*v, l = -2*v + 6 + d. What is the highest common factor of 7 and v?
7
Let w(o) = o**3 + o**2 + o. Let l be w(-2). Let v be (-2 + (-16)/l)*15. What is the highest common divisor of 90 and v?
10
Let w be 6/(-33) - (-70)/22. Let v be 119/w + (-8)/12. Calculate the highest common divisor of 13 and v.
13
Let h = -12 + 29. Calculate the highest common divisor of 153 and h.
17
Let x(c) = -c**2 + 5*c + 9. Let v be x(5). Calculate the greatest common factor of v and 36.
9
Suppose -3*o - 5*k + k = -13, -10 = -4*o + 2*k. Suppose 19 = 4*i + o. What is the highest common factor of i and 16?
4
Suppose -2*o + 3*o = 8. Calculate the greatest common divisor of o and 56.
8
Let x = -10 + 9. Let a = x + 3. Suppose -4*k - u + 21 = 0, 0 = -4*k - a*u - 0*u + 18. Calculate the highest common factor of k and 66.
6
Let y be 190/4 - 1/(-2). Let p(b) = -3*b - 8. Suppose 0*z - 16 = 2*z. Let s be p(z). Calculate the greatest common divisor of y and s.
16
Let s = -14 - -23. Calculate the greatest common factor of s and 27.
9
Let b = 30 + 6. Calculate the greatest common factor of 4 and b.
4
Let l = 3 - 1. Let k = 41 - l. Let i = -4 + k. What is the highest common divisor of 7 and i?
7
Suppose 9 = i - 4*u, 5*i + u - 5 = -2. Let g be 6/4*40*i. Suppose 0 = -5*d - 0*d + 3*y + 63, -d = 4*y - 8. Calculate the highest common divisor of g and d.
12
Suppose -13 + 1 = 4*a, 4*s = 4*a + 48. Suppose -4*r = -5*d - 11, 0*d = -d - 4*r - 7. Let m be d/6*(-6)/3. Calculate the greatest common divisor of s and m.
1
Let a = 9 + 8. What is the greatest common factor of a and 51?
17
Suppose 4*m + 2*c + 3 = 41, 4*c = 12. Let y = m - 6. Let r(p) = 5*p**3 - 2*p**2 + 2*p. Let q be r(y). Calculate the greatest common divisor of q and 4.
4
Let z(c) = 4*c. Let d be z(2). Let u be ((-16)/5)/(18/(-225)). What is the greatest common divisor of u and d?
8
Let o = 17 - 11. Let v be (o/(-4))/(3/(-36)). Calculate the highest common divisor of 126 and v.
18
Let v be 394 - (4 + -3 + -2). Suppose -2*i + 3*n = -0*i - 215, -4*i - n + v = 0. Let m be 0 + (4 - 2) + 8. What is the greatest common factor of i and m?
10
Suppose -z - 37 = -3*t + 3*z, 2*t - 3*z = 25. Calculate the highest common divisor of t and 77.
11
Suppose 3*q - 9 = -c, -q + 12 = 2*c + 2*q. Suppose 4*h = 3*u - 26, -c*u - 2*h + 51 = 1. What is the greatest common divisor of 126 and u?
14
Suppose -112 = -q - 3*q. Let o be ((-6)/4)/((-2)/4). Suppose 0 = 4*t + 2*b - 5*b - 22, -2*t = o*b - 20. Calculate the highest common divisor of q and t.
7
Let h(y) = 21*y - 2. Let a be h(2). Suppose 10*u - a = 8*u. What is the greatest common factor of u and 5?
5
Let a(d) = -d + 21. Let y be a(9). What is the highest common factor of 3 and y?
3
Let c = -4 - -3. Let j be 6 + (2 - 1) + c. Let f be (-15)/(-1)*(-2)/(-5). Calculate the highest common divisor of j and f.
6
Let z be (2 + -1)*23 + -3. What is the highest common factor of z and 220?
20
Suppose j + 3 - 27 = 4*k, 0 = 5*j - k - 44. Calculate the greatest common factor of 12 and j.
4
Let n(z) = -24*z + 1. Let t be 4/(-6)*9/6. Let y be n(t). Suppose -5*w + 2*x = -y - 26, -5*w + 4*x = -57. Calculate the highest common factor of 63 and w.
9
Let o(h) be the second derivative of -h**4/12 + h**3 + 3*h**2 - h. Let c be o(5). What is the highest common divisor of c and 121?
11
Suppose 0*j + 5*j - 20 = 0. Let t be 56 - (1 - 3) - -2. Suppose -w + a = -69, -w = -2*w + j*a + t. What is the highest common factor of w and 9?
9
Suppose -25*g - 96 = -29*g. Calculate the greatest common factor of 32 and g.
8
Suppose -3*m = -n + 11 - 83, -3*m - 180 = 2*n. Let y be (n/20)/(2/(-10)). What is the greatest common factor of y and 147?
21
Suppose 2*b - 69 = 9. What is the highest common divisor of b and 26?
13
Let q = 30 - 20. Let o be 3/(9/(-12) + 0). Let m be ((-32)/6)/(o/30). What is the greatest common factor of q and m?
10
Let i = -11 + 15. Let f be (-1)/4 + 429/4. Suppose 69 = 2*h - h - 5*m, -f = -3*h - 5*m. What is the highest common factor of h and i?
4
Let w be ((-27)/18)/((-1)/2). Calculate the greatest common divisor of 12 and w.
3
Let q = 148 + -84. Suppose 4*c + 2*h - q = 0, -2*h = -5*c + 79 - 8. What is the greatest common divisor of c and 5?
5
Let m be (-4)/32 - 2308/(-32). What is the highest common factor of 24 and m?
24
Let q be 9/(-3)*(1 + -4). Suppose q + 3 = 3*a. What is the highest common factor of 8 and a?
4
Let z(c) = -35*c. Let s be (2 + 1)*(-2)/3. Let l be z(s). What is the highest common divisor of l and 10?
10
Let l(q) = -4 - 6*q + 3*q + 2. Let x be l(2). Let y be (-862)/x - 6/(-24). What is the highest common factor of y and 12?
12
Suppose p = -4*c + 15, 40 = 4*c - p 